*3 + 0*m**2 + 3*m. Calculate u(-3).
12
Let p(x) be the second derivative of -x**3/6 + 9*x**2/2 + x + 12. What is p(9)?
0
Let t = -31 - -31. Let m(v) be the second derivative of -1/6*v**4 + t + 1/3*v**3 + 1/20*v**5 - 1/2*v**2 + v. Give m(1).
0
Let d(c) = -c**3 - 4*c**2 + 7*c + 6. Let o be ((-1)/((-12)/15))/(1/(-4)). Calculate d(o).
-4
Let a(p) = p**2 + p + 5. Let y be a(0). Let z(o) be the first derivative of o**2/2 - 5*o - 1. Determine z(y).
0
Let i(x) = x - 8. Suppose 0 = -3*l + 4*l - 3. Let g = l + -3. What is i(g)?
-8
Let h(s) be the third derivative of s**5/60 + s**4/6 - 5*s**3/6 - 5*s**2. Let m(v) = 2*v**2 + 7*v - 11. Let w(p) = -5*h(p) + 2*m(p). Calculate w(-7).
-4
Suppose w - 1 = 7. Let r(n) = -2 + w + 38*n - n**2 - 33*n. What is r(6)?
0
Let b(g) = -g**2 - 3*g - 6. Suppose q = 3*q - 8. Let r be q*(-4 - (-9)/3). What is b(r)?
-10
Let v(w) = -w - 5. Let m be v(-7). Let s(b) = 4*b**m - 2*b**3 + b**3 + 72 + b - 74 + 2*b**3. Calculate s(-3).
4
Let a(x) be the third derivative of x**7/1260 + x**6/360 + x**5/120 + x**4/8 - 7*x**2. Let d(n) be the second derivative of a(n). What is d(-3)?
13
Let t(x) = x + 5. Suppose 0 = 2*a, 7*k - 2*k = 3*a - 35. What is t(k)?
-2
Let d(h) = 3*h - 9. Let y(n) = -5*n + 14. Let i(u) = -8*d(u) - 5*y(u). Let v = 2 + -5. Give i(v).
-1
Let t(u) be the second derivative of -1/6*u**3 + 0 + 3*u**2 - 5*u. Determine t(-6).
12
Let j be (0 + -2 - 2)/1. Let i(w) = 9*w + 18. Let s(d) be the first derivative of 3*d**2/2 + 6*d + 1. Let n(v) = 3*i(v) - 8*s(v). Give n(j).
-6
Let w(s) = -1. Let l(n) = -n**2 - 6. Let q(p) = -l(p) + 4*w(p). Suppose 5*f = 2*f - 3. Let c = f - -3. Determine q(c).
6
Let o(r) = -3*r**3 + 6*r**2 - r. Let y(u) = u**3 - u**2 - u. Let w = -3 + 5. Let x = -3 - -4. Let a(v) = w*y(v) + x*o(v). Determine a(3).
0
Let w(d) = -d - 2. Let l(b) = b**3 + 11*b**2 + 16*b + 53. Let z be l(-10). Give w(z).
5
Let k(p) = 17*p + 7*p - 28*p. Calculate k(1).
-4
Let g(q) = -q**3 + 2*q. Suppose -218 = 3*t - 209. Give g(t).
21
Let g(j) = j**3 + j**2. Let p(s) = s**3 - 4*s**2 - 6*s + 7. Let n be p(5). Suppose -2*k + n - 4 = 0. Calculate g(k).
0
Let o(a) = a - 3. Suppose s - 3*s - 3*f = 0, 4*f = -2*s. Let n be o(s). Let p(l) = l**2 - 2*l**2 + 0*l**2 - l + 2 + 2*l. Determine p(n).
-10
Let b(n) be the third derivative of -n**6/60 + n**5/60 + n**2. Let a(c) = -c**2 + c + 8. Let s be a(0). Suppose 0 = s*g - 4*g - 4. Give b(g).
-1
Let j(p) = p**3 - 7*p**2 + 6*p - 2. Suppose 3*r + 5*y = 13, 3*r - 3*y = 32 - 11. Give j(r).
-2
Let s(m) be the third derivative of -m**2 - 1/4*m**4 - 5/6*m**3 + 0 + 1/120*m**6 + 1/20*m**5 + 0*m. Let n be (-3 + 1)/((-3)/(-6)). Determine s(n).
3
Let m(w) = w**3 + w**2 - w + 1. Let i(f) = -2*f**3 - 8*f**2 + 5*f - 5. Let h(z) = -i(z) - 3*m(z). Determine h(5).
-8
Let o(j) = 8 - 4 - 2 + j. Give o(-2).
0
Let l(g) = -g + 5. Let d(z) = z**3 + 7*z**2 + 6*z + 5. Let w be d(-6). Let h(q) = -q + 6. Let u(x) = w*l(x) - 4*h(x). Determine u(4).
-3
Let b = -17 - -15. Let x(g) = 2*g**3 + 3*g**2 + g - 1. What is x(b)?
-7
Let i = 14 - 10. Suppose -i*l + 8 = -16. Let f = l - 3. Let n(p) = p**2 - 2*p - 1. Give n(f).
2
Let t(k) = k**3 + 6*k**2 - 2 - 3 - 7*k**2. What is t(0)?
-5
Let v be ((-5)/2)/(2/4). Let y(i) = -5*i**2 - 7*i + 2. Let f(n) = -14*n**2 - 20*n + 7. Let p(d) = -4*f(d) + 11*y(d). What is p(v)?
4
Let y(h) = -64*h. Let m(f) be the first derivative of 5*f**2/2 - 6. Let k(i) = -i - 4. Let j be k(-7). Let x(u) = j*y(u) + 40*m(u). Give x(1).
8
Let p(j) = j**2 - 5*j + 1. Suppose 2*y - 6 = -22. Suppose 4*q = q + 39. Let i = q + y. Give p(i).
1
Suppose 0*u - 2*u - 16 = 0. Let b = 6 + u. Let j(c) = 2*c - 1. Calculate j(b).
-5
Let h(i) = -2*i + 1. Let l be 0 - 1/(4/(-8)). Let f = -2 - l. Calculate h(f).
9
Let w be (0 + 0)*(-2 + 1). Let u(y) = -4 + 0*y + y + w*y. Let k(d) = d**3 - 25*d**2 - 25*d - 21. Let c be k(26). What is u(c)?
1
Let c(t) = -3*t**2 - t**2 + 2*t - t**2 - 1 - 4*t**2. Determine c(1).
-8
Let b be 3/(-4) - (-33)/12. Let h(p) = -p**3 + 10*p + 0*p**3 - 6*p**2 - 16*p + b. Give h(-5).
7
Let x(n) = -2*n - 4. Let w(j) = -3*j - 5. Let p(d) = 3*w(d) - 4*x(d). What is p(0)?
1
Let u(w) = w**2 + w - 3 - 2 - w**3 + 2. Let x(h) = h**2 + 7*h - 12. Let o be x(-9). Let b = -6 + o. Determine u(b).
-3
Let t(g) = -g**2 + 12*g - 4. Let j be t(12). Let q(c) = c**2 + 3*c - 3. Calculate q(j).
1
Let o(n) = n**3 + 4*n**2 - 2*n - 6. Suppose 2*b - 8 = 0, -b - 3*b + 24 = 2*a. Let u be -1*(-3 - -4)*a. Calculate o(u).
2
Let m(c) = c**3 + 0*c - 1 - 6 + 6*c - 1 + 8*c**2. What is m(-7)?
-1
Let s(g) = g**3 - 4*g**2 - 12*g + 11. Let i(t) = t - 1. Let h(a) = a**2 + 5*a + 6. Let u be h(-5). Let y(k) = u*i(k) + s(k). Give y(5).
0
Let l = 17 + -26. Let y = l - -14. Let r(q) = q**2 - 8*q + 7. Give r(y).
-8
Let z = 8 - 2. Suppose -3*y = -o + z, -3*o - 5*y - 21 = -y. Let n(k) = -2*k + 1. What is n(o)?
7
Suppose 0 = -0*u + 5*u + 3*c + 5, -4*c - 20 = 0. Let r(b) = -6*b**2 + b**3 + 0*b - 2*b + 7*b**u. Suppose k - 2*t + 2 = -2*k, -3*k + 4*t = -2. Determine r(k).
0
Let l(i) = -2*i - 6. Let f be 2*1 + (-25)/5. Let j = 1 - f. Suppose j = -2*z - 4. Determine l(z).
2
Let a(t) = t**2 + 2*t - 1. Let l(n) = -2*n**3 - 4*n**2 - 3*n - 2. Let g be l(-2). Suppose 3*y + 6 + 7 = m, -g*m = 2*y + 18. Determine a(m).
-1
Let m(r) = 4*r + 6*r**2 + 2 - 2*r**2 - 3*r**2 - 2*r**2. Let u = 0 + 3. What is m(u)?
5
Let v be 56/8*8/14. Let f(u) = u**3 + 2*u**2 - 3*u - 3. Let n be f(-2). Let m(i) = -5*i**2 + n*i**2 - 5 + 6*i + i**2. What is m(v)?
3
Let q(w) be the second derivative of w**6/360 + w**5/30 + w**4/8 - w**3/3 + 4*w. Let g(x) be the second derivative of q(x). What is g(-5)?
8
Let i(q) = -q - 1. Let l(b) = 2*b + 4. Let n(m) = i(m) + l(m). Let c be (-2)/(-2)*(-1 - 5). Determine n(c).
-3
Let q(n) be the second derivative of 0*n**3 + 5/12*n**4 - 2*n + 3*n**2 - 1/20*n**5 + 0. Let r be (-1)/(-2 - 1)*15. Give q(r).
6
Let k(j) = j**2 + 2*j + 1. Suppose -d = 3*d - 8. Suppose -d*o + 6 = 14. Let r = -2 - o. Calculate k(r).
9
Let m(v) be the second derivative of v**7/840 + v**6/360 - 5*v**4/24 + v**3/2 + 3*v. Let i(a) be the second derivative of m(a). Determine i(0).
-5
Let k(l) = -8*l**2 + 6*l**2 + l - 8*l**3 + 2*l**2. Let v(a) = -a**3 + 3*a**2 - 4*a + 3. Let x be v(2). Give k(x).
7
Let u(j) = -3*j - j**2 + j**3 - j + 5*j - 4*j**2 - 1. Calculate u(5).
4
Let g be 2/(-2) + 1/1. Suppose g = 3*d + 2*d. Let v(z) = -6*z**2 + 7*z - 2. Let k(f) = 5*f**2 - 6*f + 1. Let n(i) = -7*k(i) - 6*v(i). What is n(d)?
5
Suppose -4*i - 12 = -4*a, -3*i - 16 + 1 = -4*a. Let s(q) = -q**3 + 7*q**2 - 7*q + 1. What is s(a)?
-5
Let g(t) = 4*t + t**2 + 12*t - t + 19. Calculate g(-14).
5
Let v(g) = g**3 - 9*g**2 + 6*g + 9. Let c(l) = -l**2 + 8*l + 1. Let r be c(7). Give v(r).
-7
Suppose j - 5*h = -21, -2*h + 3*h = 3*j - 7. Let g(l) = -l**3 - 1 + l**3 + j*l + 3*l**2 - l - l**3. Give g(4).
-5
Let f(u) = -u**3. Let x = 54 - 54. Give f(x).
0
Suppose 0 = -4*l - 0*l - 20. Let r(j) be the first derivative of 3 - 2*j + 1/2*j**2. Give r(l).
-7
Let d be (-10)/(-3) + (-3)/9. Let u(o) = 4*o - 2*o + o + d. Give u(-4).
-9
Let q(b) = b - 8. Let s(t) = -8*t**3 - t**2 + t + 1. Let p be s(-1). Let v be q(p). Let l(z) = -10*z + 1. Determine l(v).
11
Let s be (1 + 1 - (-26)/(-8))*-4. Let c(g) be the third derivative of 0*g**4 + 0*g**3 + 0 + g**2 - 2/15*g**s + 0*g. Give c(-1).
-8
Let z be -6 + 0 + 8/(-4). Let q(r) = -r**2 - 8*r - 6. Calculate q(z).
-6
Let f(k) = k**3 - 11*k**2 - 13*k + 17. Let l be f(12). Let c(s) = 0*s**2 + 2*s**2 - 3*s**2 + l + s - 4. Determine c(3).
-5
Let u(t) = -t**3 - 7*t**2 - 4*t + 1. Let i be (2/4)/(3/6). Let y be (3 + -4)*6/i. Calculate u(y).
-11
Let s(x) = -3*x**3 + x**2 + 2*x + 1. Let a = -2 + 5. Suppose -3*y = a - 12. Let k = y + -4. Calculate s(k).
3
Let x(l) = -l**2 - 4*l + 1. Let g(a) = 4*a - 4. Let o be g(5). Suppose -4*v - o = -4. Calculate x(v).
4
Let a(d) = -d**3 + d**2 - 8*d + 1. Let z(s) = -s**3 + s**2 - 7*s + 1. Let h(k) = -5*a(k) + 6*z(k). Let v = 8 + -6. Calculate h(v).
-7
Let y(m) be the third derivative of m**6/120 - m**5/12 - m**4/4 + 7*m**3/6 + 3*m**2. Determine y(6).
7
Let h(k) be the third derivative of k**8/20160 - k**7/5040 + k**6/180 + k**5/12 + 8*k**2. Let i(r) be the third derivative of h(r). What is i(0)?
4
Let w(f) = -f**2 - 7*f + 5. Let h be w(-7). Suppose i + h - 1 = 0, 0 = 4*m + 